 10.
7
Suppose -1 - 1 = -i. Suppose 191 = i*n + 183. What is the remainder when 52*(n/16 + 9/12) is divided by 18?
16
Suppose 17*w + 20*w - 21*w - 912 = 0. Calculate the remainder when (-3)/(-6) - (-657)/6 is divided by w.
53
Suppose 0 = -86*m + 1001 - 313. Suppose -2*u - 10 = 0, -2*u - 39 = -5*t + 1. What is the remainder when m is divided by t?
2
Let f(k) = 2*k**2 + 4*k + 3. Let i be f(-3). Suppose 31*q - i = 28*q. What is the remainder when (-112)/(-20) + (-6)/10 is divided by q?
2
Let t = 66 + -32. Let g = t - 16. Suppose -33 = -3*w - 3*j + 60, 5*w - 163 = -3*j. Calculate the remainder when w is divided by g.
17
Suppose 0 = -5*x - 3*r + 239, 4*r + 929 = 19*x + 5*r. Calculate the remainder when 234 is divided by x.
38
Let q(g) = 36*g**2 + 2*g + 1. What is the remainder when 567 is divided by q(-1)?
7
Let q = 93 - 40. Suppose h + 47 = -5*a, 2*a - 7*a = 3*h + 91. Let i = h + 33. What is the remainder when q is divided by i?
9
Suppose -31872 = 146*y - 82680. What is the remainder when y is divided by 32?
28
Let q(o) = -o**2 - 19*o + 1475. Calculate the remainder when q(-47) is divided by 62.
35
Suppose -38*x + 39*x = -37. Suppose 3*f + 7*k - 161 = 2*k, 3*f - 154 = 2*k. Let h = x + f. What is the remainder when h is divided by 3?
0
Let f = -6756 + 6757. Let y(x) = x**2 + 3*x - 3. What is the remainder when y(-6) is divided by f?
0
Suppose 0 = -3*r - 4*w + 370, 0*r + 594 = 5*r + w. Suppose -r = -2*q + 34. Calculate the remainder when q is divided by 23.
7
Let i be (0 - 3) + (-1 - -4). Let j = i + 8. Let g = 101 - 64. What is the remainder when g is divided by j?
5
Let z = 10261 + -10259. Calculate the remainder when 2 + 1 + 8/2 is divided by z.
1
Let j = 462 - 608. Let o = j + 250. Calculate the remainder when 619 is divided by o.
99
Suppose 5*y + 4*h = 104 + 32, -h - 68 = -3*y. Suppose 38 = -2*t + 90. Calculate the remainder when t is divided by y.
2
Let h(f) = 3*f**2 + 6*f - 12. What is the remainder when 604 is divided by h(-9)?
73
Let k(l) = l**2 + 13*l - 63. Let g be k(-17). Suppose -5 = g*v, 44 = 4*c - 12*v + 16*v. What is the remainder when 23 is divided by c?
11
Suppose -8*u = -10*u + 14. Let t(k) = k - 10. Let v be t(u). What is the remainder when 97 is divided by 27 + 1*(v - -1)?
22
Let k(w) = -6*w - 7. Suppose 0 = -4*h - 4*d + 13 - 69, h + 2*d + 10 = 0. Let t = h - -13. What is the remainder when k(t) is divided by 14?
9
Suppose -103*h = 205*h - 95480. What is the remainder when h is divided by 48?
22
Suppose -6634 - 1067 - 5175 = -29*s. What is the remainder when s is divided by 63?
3
Let k = -349 - -555. Let p(w) = 332*w - 12914. Calculate the remainder when k is divided by p(39).
2
Let k = 155941 - 155923. Suppose -19 = -3*n + 77. What is the remainder when n - (1 - (-2)/(-1)) is divided by k?
15
Suppose p - 44 = -3*t, 4*t = p - 2425 + 2500. Let u = -333 + 76. Let k = -88 - u. What is the remainder when k is divided by t?
16
Suppose r = w - 3618, 41*w + 3*r - 14514 = 37*w. Calculate the remainder when w is divided by 31.
28
Let j = 4 - 2. Let y(n) = 10*n - 24. Let a be y(7). Suppose -2*c = -j*s + a, -3*s - 3*c + 20 + 37 = 0. Calculate the remainder when 103 is divided by s.
19
Let i(s) = s**2 - 9*s + 12. Let b(g) = -g**2 - 10*g + 61. Let y be b(-14). Suppose y*m = 28 + 302. What is the remainder when m is divided by i(11)?
32
Let l = -611 + -68. Let p = 705 + l. Calculate the remainder when 205 is divided by p.
23
Suppose -286*v - 6 = -264*v - 248. What is the remainder when 22779 is divided by v?
9
Suppose -4*j - 45 = -5*j + 4*g, 0 = -4*j - 4*g + 80. What is the remainder when j is divided by 7*(6/(-15))/((-14)/50)?
5
Let j be (15/(-2))/(72/(-48)). Calculate the remainder when 95 is divided by j - (-57)/(7 + -4).
23
Suppose 0 = 3*b - 29*u + 26*u - 306, 0 = -5*u. What is the remainder when 211 is divided by b?
7
Let r(f) = -372*f + 758. What is the remainder when 634 is divided by r(2)?
4
Let b = -190 - -256. Let h = -31 + b. Let m = 3 + 9. What is the remainder when h is divided by m?
11
Let u(d) = 175*d - 5232. What is the remainder when u(61) is divided by 1087?
8
Let q(j) = j**3 - 5*j**2 - 17*j - 2. Let d = 220 - 212. What is the remainder when q(d) is divided by 11?
10
What is the remainder when 74 - (-20 - (-9 + -9)) is divided by 20?
16
Let s = -79 - -204. Suppose -751 = -17*n + 371. What is the remainder when s is divided by n?
59
Calculate the remainder when 1804 is divided by ((-26)/(-104))/((-6)/(-2064)).
84
Suppose 3*q - 79 = 23. Let p = 337 + -175. Calculate the remainder when p is divided by q.
26
Let n be ((-4)/(-6))/(28/210). Suppose u - 67 = 2*j, 0 = 2*u + 8*j - n*j - 169. What is the remainder when u is divided by 28?
21
Suppose 103 + 117 = 4*y. Suppose -17 = -z + l, 0 = 4*z - 9869*l + 9873*l - 44. What is the remainder when y is divided by z?
13
Let z(w) = -575*w - 2993. What is the remainder when z(-19) is divided by 64?
60
Let p(d) = d**2 - 14*d - 22. Let u(v) = 5*v - 14. Let w be (-55)/40*-4 + 1/2. Let i be u(w). Calculate the remainder when 19 is divided by p(i).
9
Let t(o) = 4*o**2 + 20*o + 36. Let s be t(9). Suppose 7*l - s = -5*l. Let u(n) = 4*n + 1. Calculate the remainder when l is divided by u(4).
11
Let v = 30 - 24. Suppose 0 = -r + 3*y - 11, r - 3*y + 35 = v*r. Suppose -r*d = -b + 9 + 17, 0 = 4*b - 2*d - 48. What is the remainder when 25 is divided by b?
5
Suppose 3*c = 4*h + 40, -3*c + h = -h - 50. Suppose 9*z - 2726 = -c*z. What is the remainder when z is divided by 34?
26
Let c = 2109 + -1781. Let g = -44 + 81. What is the remainder when c is divided by g?
32
Suppose -3*u + 30 = 2*u. Suppose -w = q - 3, -5*q = 3*w - 0 + 1. Let r(n) = -n**3 + 7*n**2 + 6*n + 20. Calculate the remainder when u is divided by r(w).
2
Suppose 3*h - 80 = -7*h. Let q = 72 - 112. Let f = -14 - q. What is the remainder when f is divided by h?
2
Suppose 8*m = -6*m + 12*m + 130. What is the remainder when 194 is divided by m?
64
Let t(d) be the second derivative of -d**4/12 + d**3 + 29*d**2 - 235*d. What is the remainder when 47 is divided by t(11)?
2
Suppose 3*m = -r + 75, 3*m - 72 = -5*r + 3*r. Calculate the remainder when 179 is divided by m.
23
Let p be 448 + (-1 - -6) + 1. Let l = p - 398. What is the remainder when 212 is divided by l?
44
Let c(o) = -o**3 + 46*o**2 + 253*o + 154. What is the remainder when 13883 is divided by c(51)?
51
Let o be ((-8)/(-5))/((-2)/(-5)). Let d be (-16)/(-280)*10*7. Suppose 2*h - 232 = -2*t, -d*h + o*t + 458 = 2*t. Calculate the remainder when h is divided by 29.
28
Suppose -h + 4*s = -193, -4*s - 13 + 17 = 0. Calculate the remainder when 564 is divided by h.
170
Suppose -149*p - 164*p = -42*p - 451486. Calculate the remainder when p is divided by 6.
4
Let y be (0/2)/((-10)/(-5)). What is the remainder when 128/2 + y + -1 - 2 is divided by 9?
7
Suppose -50 = d - i, 52*i - 56*i - 164 = 3*d. Let s = d + 254. What is the remainder when s is divided by 34?
32
Let k = -149 + 209. Let i = k - -4. Suppose 14 = 6*h - i. Calculate the remainder when 49 is divided by h.
10
Let y(m) = 5*m**2 + 491*m - 316. Suppose -92 = 4*u - 256. Calculate the remainder when y(-99) is divided by u.
39
Let l be (3 + -14)*(-1 + 4). Let n(d) = 243*d + 24311. What is the remainder when (1 - l)*(-3)/(-3) is divided by n(-100)?
1
Let g = 233 - 178. Suppose -4*x - g + 19 = -c, -3*x - 9 = 0. Calculate the remainder when c is divided by 16.
8
Suppose 2501*d + 1580 = 2511*d. Calculate the remainder when d is divided by 80.
78
What is the remainder when 597 is divided by (-362)/(-6) + (8/12)/(4 - 3)?
48
What is the remainder when 54 is divided by 1*21*(0 - 28/(-21))?
26
Let u be (-2)/3*(119/(-14) - 2). Suppose 3*v + 28 = s, s + 2*v - u*v - 38 = 0. Suppose k - 8 = -3. Calculate the remainder when s is divided by k.
3
Calculate the remainder when (-1 + 4)*532933/1173 is divided by 48.
19
Suppose 0 = -3*p + 3*m + 2742, 5*p - 2414 = 4*m + 2162. Calculate the remainder when p is divided by 21.
17
Suppose 269 + 1781 = 5*b + 5*n, 4*n = -4. Suppose -b + 139 = -8*h. Suppose -t = p - 0*t - 131, -3*p - t = -393. Calculate the remainder when p is divided by h.
29
Calculate the remainder when 458 is divided by ((-3276)/8)/13*180/(-70).
53
Suppose 0 = -4*l - 0*l + 8, -5*k = 5*l + 15. Let z(j) = 9*j - 32 + 3*j**2 - j**2 + 47. What is the